{"id":43905,"date":"2022-12-20T16:41:37","date_gmt":"2022-12-20T15:41:37","guid":{"rendered":"https:\/\/harlander-partner.eu\/burgenlandi-foldforgalmi-torveny\/"},"modified":"2025-11-25T13:46:36","modified_gmt":"2025-11-25T12:46:36","slug":"burgenlandi-foldforgalmi-torveny","status":"publish","type":"page","link":"https:\/\/harlander-partner.eu\/hu\/ingatlanjog\/burgenlandi-foldforgalmi-torveny\/","title":{"rendered":"Burgenlandi F\u00f6ldforgalmi T\u00f6rv\u00e9ny"},"content":{"rendered":"\n<h2 class=\"wp-block-heading\">Burgenlandi F\u00f6ldforgalmi T\u00f6rv\u00e9ny<\/h2>\n\n<h3 class=\"wp-block-heading\">Mez\u0151- \u00e9s erd\u0151gazdas\u00e1gi f\u00f6ldter\u00fcletek forgalma Burgenland tartom\u00e1nyban<\/h3>\n\n<p class=\"wp-block-paragraph\">A mez\u0151- \u00e9s erd\u0151gazdas\u00e1gi f\u00f6ldter\u00fcletek tulajdonjog\u00e1nak megszerz\u00e9se Burgenland tartom\u00e1nyban alapvet\u0151en enged\u00e9lyk\u00f6teles.<\/p>\n\n<p class=\"wp-block-paragraph\">Ez al\u00f3l kiv\u00e9telt k\u00e9peznek:<\/p>\n\n<ul class=\"wp-block-list\">\n<li>Jogok megszerz\u00e9se rokonok k\u00f6z\u00f6tt<\/li>\n\n\n\n<li>Jogok megszerz\u00e9se volt h\u00e1zast\u00e1rsak k\u00f6z\u00f6tt<\/li>\n\n\n\n<li>Jogok megszerz\u00e9se t\u00e1rstulajdonosok k\u00f6z\u00f6tt<\/li>\n\n\n\n<li>A telekmegoszt\u00e1si t\u00f6rv\u00e9ny 13. \u00e9s 15. \u00a7-\u00e1nak rendelkez\u00e9sei al\u00f3li kiv\u00e9telek<\/li>\n<\/ul>\n\n<ul class=\"wp-block-list\">\n<li>A jog megszerz\u00e9se k\u00f6zc\u00e9lokat szolg\u00e1l (k\u00f6zleked\u00e9s, v\u00edz\u00fcgyi l\u00e9tes\u00edtm\u00e9nyek stb.), \u00e9s az illet\u00e9kes hat\u00f3s\u00e1g ezt m\u00e1r meger\u0151s\u00edtette.<\/li>\n\n\n\n<li>Azok a jog\u00fcgyletek, amelyeket agr\u00e1rjogi elj\u00e1r\u00e1s keret\u00e9ben k\u00f6t\u00f6ttek, vagy amelyeket az agr\u00e1rhat\u00f3s\u00e1g hat\u00e1rozattal meg\u00e1llap\u00edtott, hogy k\u00f6zvetlen\u00fcl sz\u00fcks\u00e9gesek egy f\u00f6ldrendez\u00e9s v\u00e9grehajt\u00e1s\u00e1hoz.<\/li>\n\n\n\n<li>Jogok megszerz\u00e9se b\u00e1ny\u00e1szati c\u00e9lokra (esetleges biztons\u00e1gi int\u00e9zked\u00e9sek)<\/li>\n\n\n\n<li>Jogok megszerz\u00e9se 2.000 m\u00b2 alatti f\u00f6ldter\u00fcletek felett, amelyek kiz\u00e1r\u00f3lag kerti m\u0171vel\u00e9sre szolg\u00e1lnak.<\/li>\n\n\n\n<li>Jogok megszerz\u00e9se 2.000 m\u00b2 alatti f\u00f6ldter\u00fcletek felett, amelyek egy \u00e9p\u00edt\u00e9si telekkel t\u00e9rbeli \u00e9s gazdas\u00e1gi egys\u00e9get k\u00e9peznek, \u00e9s egy\u00fctt ker\u00fclnek megszerz\u00e9sre. A mez\u0151- \u00e9s erd\u0151gazdas\u00e1gi f\u00f6ldter\u00fclet \u00e9rt\u00e9k\u00e9nek l\u00e9nyegesen alacsonyabbnak kell lennie az \u00e9p\u00edt\u00e9si telek \u00e9rt\u00e9k\u00e9n\u00e9l. <\/li>\n<\/ul>\n\n<h3 class=\"wp-block-heading\">\u00c9p\u00edt\u00e9si telkek forgalma Burgenland tartom\u00e1nyban<\/h3>\n\n<p class=\"wp-block-paragraph\">Az \u00e9p\u00edt\u00e9si telek tulajdonjog\u00e1nak megszerz\u00e9se Burgenland tartom\u00e1nyban, az \u00fagynevezett \u201efenntartott\u201d telep\u00fcl\u00e9seken nyilatkozatt\u00e9teli k\u00f6telezetts\u00e9ggel j\u00e1r. Ez azt jelenti, hogy \u00edr\u00e1sbeli nyilatkozatot kell beny\u00fajtani a telep\u00fcl\u00e9shez vagy az illet\u00e9kes f\u00f6ldforgalmi hat\u00f3s\u00e1ghoz. Ennek a nyilatkozatnak tartalmaznia kell:  <\/p>\n\n<ul class=\"wp-block-list\">\n<li>Az \u00e9p\u00edt\u00e9si telket nem haszn\u00e1lj\u00e1k szabadid\u0151s lak\u00f3helyk\u00e9nt.<\/li>\n\n\n\n<li>A jogot szerz\u0151 szem\u00e9ly osztr\u00e1k \u00e1llampolg\u00e1r vagy EU\/EGT \u00e1llampolg\u00e1r (belf\u00f6ldi nyilatkozat)<\/li>\n\n\n\n<li>A vev\u0151 tiszt\u00e1ban van a jogellenes haszn\u00e1lat k\u00f6vetkezm\u00e9nyeivel.<\/li>\n<\/ul>\n\n<p class=\"wp-block-paragraph\">A fenntartott telep\u00fcl\u00e9s olyan k\u00f6zs\u00e9g, ahol a szabadid\u0151s lak\u00f3helyek sz\u00e1ma k\u00fcl\u00f6n\u00f6sen magas a Burgenland tartom\u00e1ny t\u00f6bbi telep\u00fcl\u00e9s\u00e9hez k\u00e9pest.<\/p>\n\n<p class=\"wp-block-paragraph\">Azonban a nyilatkozatt\u00e9teli k\u00f6telezetts\u00e9g al\u00f3l is vannak kiv\u00e9telek:<\/p>\n\n<ul class=\"wp-block-list\">\n<li>Jogok megszerz\u00e9se rokonok k\u00f6z\u00f6tt<\/li>\n\n\n\n<li>Jogok megszerz\u00e9se volt h\u00e1zast\u00e1rsak k\u00f6z\u00f6tt<\/li>\n\n\n\n<li>Jogok megszerz\u00e9se t\u00e1rstulajdonosok k\u00f6z\u00f6tt<\/li>\n\n\n\n<li>A telekmegoszt\u00e1si t\u00f6rv\u00e9ny 13. \u00e9s 15. \u00a7-\u00e1nak rendelkez\u00e9sei al\u00f3li kiv\u00e9telek<\/li>\n\n\n\n<li>A jog megszerz\u00e9se k\u00f6zc\u00e9lokat szolg\u00e1l (k\u00f6zleked\u00e9s, v\u00edz\u00fcgyi l\u00e9tes\u00edtm\u00e9nyek stb.), \u00e9s az illet\u00e9kes hat\u00f3s\u00e1g ezt m\u00e1r meger\u0151s\u00edtette.<\/li>\n<\/ul>\n\n<h3 class=\"wp-block-heading\">K\u00fclf\u00f6ldiek \u00e1ltali tulajdonszerz\u00e9s Burgenland tartom\u00e1nyban<\/h3>\n\n<p class=\"wp-block-paragraph\">A tulajdonjog megszerz\u00e9se Burgenland tartom\u00e1nyban k\u00fclf\u00f6ldiek sz\u00e1m\u00e1ra alapvet\u0151en enged\u00e9lyk\u00f6teles. A f\u00f6ldforgalmi hat\u00f3s\u00e1g enged\u00e9ly\u00e9hez a k\u00f6vetkez\u0151 felt\u00e9teleknek kell teljes\u00fclni\u00fck: <\/p>\n\n<ul class=\"wp-block-list\">\n<li>Az \u00e1llam politikai \u00e9rdekei nem s\u00e9r\u00fclhetnek.<\/li>\n\n\n\n<li>A jog megszerz\u00e9s\u00e9hez az \u00e1llam vagy egy telep\u00fcl\u00e9s nemzetgazdas\u00e1gi, gazdas\u00e1gi, t\u00e1rsadalmi vagy kultur\u00e1lis \u00e9rdek\u00e9nek kell f\u0171z\u0151dnie.<\/li>\n\n\n\n<li>A jogot szerz\u0151 szem\u00e9lynek legal\u00e1bb 10 \u00e9ve jogszer\u0171en kell Ausztri\u00e1ban tart\u00f3zkodnia.<\/li>\n<\/ul>\n\n<p class=\"wp-block-paragraph\">Azonban a f\u00f6ldforgalmi hat\u00f3s\u00e1g enged\u00e9lyez\u00e9si k\u00f6telezetts\u00e9ge al\u00f3l is vannak kiv\u00e9telek:<\/p>\n\n<ul class=\"wp-block-list\">\n<li>A rokonok k\u00f6z\u00f6tti telekszerz\u00e9s kiv\u00e9telnek sz\u00e1m\u00edt.<\/li>\n\n\n\n<li>Hasonl\u00f3k\u00e9ppen kiv\u00e9telt k\u00e9pez a jogok megszerz\u00e9se volt h\u00e1zast\u00e1rsak vagy bejegyzett \u00e9lett\u00e1rsak k\u00f6z\u00f6tt.<\/li>\n\n\n\n<li>A jogok megszerz\u00e9se t\u00e1rstulajdonosok \u00e1ltal.<\/li>\n\n\n\n<li>vagy belf\u00f6ldi \u00e1llampolg\u00e1rokkal egyen\u00e9rt\u00e9k\u0171 (p\u00e9ld\u00e1ul EU-\u00e1llampolg\u00e1r) \u2013 \u00edgy az enged\u00e9lyez\u00e9si k\u00f6telezetts\u00e9g megsz\u0171nik.<\/li>\n<\/ul>\n","protected":false},"excerpt":{"rendered":"Burgenlandi F\u00f6ldforgalmi T\u00f6rv\u00e9ny Mez\u0151- \u00e9s erd\u0151gazdas\u00e1gi f\u00f6ldter\u00fcletek forgalma Burgenland tartom\u00e1nyban A mez\u0151- \u00e9s erd\u0151gazdas\u00e1gi f\u00f6ldter\u00fcletek tulajdonjog\u00e1nak megszerz\u00e9se Burgenland tartom\u00e1nyban alapvet\u0151en enged\u00e9lyk\u00f6teles. Ez al\u00f3l kiv\u00e9telt k\u00e9peznek: \u00c9p\u00edt\u00e9si telkek forgalma Burgenland tartom\u00e1nyban &#8230;","protected":false},"author":1,"featured_media":0,"parent":45421,"menu_order":0,"comment_status":"closed","ping_status":"open","template":"","meta":{"_acf_changed":false,"_uag_custom_page_level_css":"","footnotes":""},"categories":[725],"tags":[],"class_list":["post-43905","page","type-page","status-publish","hentry","category-ingatlanjog"],"acf":[],"uagb_featured_image_src":{"full":false,"thumbnail":false,"medium":false,"medium_large":false,"large":false,"1536x1536":false,"2048x2048":false,"336x":false,"352x":false,"woocommerce_thumbnail":false,"woocommerce_single":false,"woocommerce_gallery_thumbnail":false,"yarpp-thumbnail":false},"uagb_author_info":{"display_name":"Peter Harlander","author_link":"https:\/\/harlander-partner.eu\/hu\/author\/secondpromotion\/"},"uagb_comment_info":0,"uagb_excerpt":"Burgenlandi F\u00f6ldforgalmi T\u00f6rv\u00e9ny Mez\u0151- \u00e9s erd\u0151gazdas\u00e1gi f\u00f6ldter\u00fcletek forgalma Burgenland tartom\u00e1nyban A mez\u0151- \u00e9s erd\u0151gazdas\u00e1gi f\u00f6ldter\u00fcletek tulajdonjog\u00e1nak megszerz\u00e9se Burgenland tartom\u00e1nyban alapvet\u0151en enged\u00e9lyk\u00f6teles. Ez al\u00f3l kiv\u00e9telt k\u00e9peznek: \u00c9p\u00edt\u00e9si telkek forgalma Burgenland tartom\u00e1nyban ...","_links":{"self":[{"href":"https:\/\/harlander-partner.eu\/hu\/wp-json\/wp\/v2\/pages\/43905","targetHints":{"allow":["GET"]}}],"collection":[{"href":"https:\/\/harlander-partner.eu\/hu\/wp-json\/wp\/v2\/pages"}],"about":[{"href":"https:\/\/harlander-partner.eu\/hu\/wp-json\/wp\/v2\/types\/page"}],"author":[{"embeddable":true,"href":"https:\/\/harlander-partner.eu\/hu\/wp-json\/wp\/v2\/users\/1"}],"replies":[{"embeddable":true,"href":"https:\/\/harlander-partner.eu\/hu\/wp-json\/wp\/v2\/comments?post=43905"}],"version-history":[{"count":0,"href":"https:\/\/harlander-partner.eu\/hu\/wp-json\/wp\/v2\/pages\/43905\/revisions"}],"up":[{"embeddable":true,"href":"https:\/\/harlander-partner.eu\/hu\/wp-json\/wp\/v2\/pages\/45421"}],"wp:attachment":[{"href":"https:\/\/harlander-partner.eu\/hu\/wp-json\/wp\/v2\/media?parent=43905"}],"wp:term":[{"taxonomy":"category","embeddable":true,"href":"https:\/\/harlander-partner.eu\/hu\/wp-json\/wp\/v2\/categories?post=43905"},{"taxonomy":"post_tag","embeddable":true,"href":"https:\/\/harlander-partner.eu\/hu\/wp-json\/wp\/v2\/tags?post=43905"}],"curies":[{"name":"wp","href":"https:\/\/api.w.org\/{rel}","templated":true}]}}

Burgenlandi Földforgalmi Törvény

<h2 class="wp-block-heading">Burgenlandi Földforgalmi Törvény</h2>

<h3 class="wp-block-heading">Mező- és erdőgazdasági földterületek forgalma Burgenland tartományban</h3>

<p class="wp-block-paragraph">A mező- és erdőgazdasági földterületek tulajdonjogának megszerzése Burgenland tartományban alapvetően engedélyköteles.</p>

<p class="wp-block-paragraph">Ez alól kivételt képeznek:</p>

<ul class="wp-block-list">
<li>Jogok megszerzése rokonok között</li>



<li>Jogok megszerzése volt házastársak között</li>



<li>Jogok megszerzése társtulajdonosok között</li>



<li>A telekmegosztási törvény 13. és 15. §-ának rendelkezései alóli kivételek</li>
</ul>

<ul class="wp-block-list">
<li>A jog megszerzése közcélokat szolgál (közlekedés, vízügyi létesítmények stb.), és az illetékes hatóság ezt már megerősítette.</li>



<li>Azok a jogügyletek, amelyeket agrárjogi eljárás keretében kötöttek, vagy amelyeket az agrárhatóság határozattal megállapított, hogy közvetlenül szükségesek egy földrendezés végrehajtásához.</li>



<li>Jogok megszerzése bányászati célokra (esetleges biztonsági intézkedések)</li>



<li>Jogok megszerzése 2.000 m² alatti földterületek felett, amelyek kizárólag kerti művelésre szolgálnak.</li>



<li>Jogok megszerzése 2.000 m² alatti földterületek felett, amelyek egy építési telekkel térbeli és gazdasági egységet képeznek, és együtt kerülnek megszerzésre. A mező- és erdőgazdasági földterület értékének lényegesen alacsonyabbnak kell lennie az építési telek értékénél. </li>
</ul>

<h3 class="wp-block-heading">Építési telkek forgalma Burgenland tartományban</h3>

<p class="wp-block-paragraph">Az építési telek tulajdonjogának megszerzése Burgenland tartományban, az úgynevezett „fenntartott” településeken nyilatkozattételi kötelezettséggel jár. Ez azt jelenti, hogy írásbeli nyilatkozatot kell benyújtani a településhez vagy az illetékes földforgalmi hatósághoz. Ennek a nyilatkozatnak tartalmaznia kell:  </p>

<ul class="wp-block-list">
<li>Az építési telket nem használják szabadidős lakóhelyként.</li>



<li>A jogot szerző személy osztrák állampolgár vagy EU/EGT állampolgár (belföldi nyilatkozat)</li>



<li>A vevő tisztában van a jogellenes használat következményeivel.</li>
</ul>

<p class="wp-block-paragraph">A fenntartott település olyan község, ahol a szabadidős lakóhelyek száma különösen magas a Burgenland tartomány többi településéhez képest.</p>

<p class="wp-block-paragraph">Azonban a nyilatkozattételi kötelezettség alól is vannak kivételek:</p>

<ul class="wp-block-list">
<li>Jogok megszerzése rokonok között</li>



<li>Jogok megszerzése volt házastársak között</li>



<li>Jogok megszerzése társtulajdonosok között</li>



<li>A telekmegosztási törvény 13. és 15. §-ának rendelkezései alóli kivételek</li>



<li>A jog megszerzése közcélokat szolgál (közlekedés, vízügyi létesítmények stb.), és az illetékes hatóság ezt már megerősítette.</li>
</ul>

<h3 class="wp-block-heading">Külföldiek általi tulajdonszerzés Burgenland tartományban</h3>

<p class="wp-block-paragraph">A tulajdonjog megszerzése Burgenland tartományban külföldiek számára alapvetően engedélyköteles. A földforgalmi hatóság engedélyéhez a következő feltételeknek kell teljesülniük: </p>

<ul class="wp-block-list">
<li>Az állam politikai érdekei nem sérülhetnek.</li>



<li>A jog megszerzéséhez az állam vagy egy település nemzetgazdasági, gazdasági, társadalmi vagy kulturális érdekének kell fűződnie.</li>



<li>A jogot szerző személynek legalább 10 éve jogszerűen kell Ausztriában tartózkodnia.</li>
</ul>

<p class="wp-block-paragraph">Azonban a földforgalmi hatóság engedélyezési kötelezettsége alól is vannak kivételek:</p>

<ul class="wp-block-list">
<li>A rokonok közötti telekszerzés kivételnek számít.</li>



<li>Hasonlóképpen kivételt képez a jogok megszerzése volt házastársak vagy bejegyzett élettársak között.</li>



<li>A jogok megszerzése társtulajdonosok által.</li>



<li>vagy belföldi állampolgárokkal egyenértékű (például EU-állampolgár) – így az engedélyezési kötelezettség megszűnik.</li>
</ul>

Burgenlandi Földforgalmi Törvény Mező- és erdőgazdasági földterületek forgalma Burgenland tartományban A mező- és erdőgazdasági földterületek tulajdonjogának megszerzése Burgenland tartományban alapvetően engedélyköteles. Ez alól kivételt képeznek: Építési telkek forgalma Burgenland tartományban &#8230;

Burgenlandi Földforgalmi Törvény Mező- és erdőgazdasági földterületek forgalma Burgenland tartományban A mező- és erdőgazdasági földterületek tulajdonjogának megszerzése Burgenland tartományban alapvetően engedélyköteles. Ez alól kivételt képeznek: Építési telkek forgalma Burgenland tartományban ...
