{"id":42761,"date":"2019-12-10T15:05:46","date_gmt":"2019-12-10T14:05:46","guid":{"rendered":"https:\/\/harlander-partner.eu\/reklam-es-politikusok\/"},"modified":"2025-11-25T10:07:53","modified_gmt":"2025-11-25T09:07:53","slug":"reklam-es-politikusok","status":"publish","type":"page","link":"https:\/\/harlander-partner.eu\/hu\/versenyjog\/reklam-es-politikusok\/","title":{"rendered":"Rekl\u00e1m \u00e9s politikusok"},"content":{"rendered":"\n<p class=\"wp-block-paragraph\">Politikusok \u00e9s p\u00e1rtok rekl\u00e1mja csak t\u00f6rv\u00e9nyileg szab\u00e1lyozott keretek k\u00f6z\u00f6tt helyezhet\u0151 el. Ezt a jogi keretet a M\u00e9diatranszparencia-t\u00f6rv\u00e9ny hat\u00e1rozza meg. P\u00e9ld\u00e1ul a k\u00f6zint\u00e9zm\u00e9nyek hirdet\u00e9seinek tiszt\u00e1n informat\u00edv jelleg\u0171nek kell lenni\u00fck, \u00e9s nem l\u00e9phetik t\u00fal az felt\u00e9tlen\u00fcl sz\u00fcks\u00e9ges m\u00e9rt\u00e9ket.  <\/p>\n\n<p class=\"wp-block-paragraph\">A M\u00e9diatranszparencia-t\u00f6rv\u00e9nynek k\u00f6sz\u00f6nhet\u0151, hogy k\u00fcl\u00f6n\u00f6sen az \u00e1llami szerveknek igazs\u00e1gh\u0171en fel kell fedni\u00fck a rekl\u00e1melhelyez\u00e9seket. A k\u00f6zz\u00e9t\u00e9teli k\u00f6telezetts\u00e9g megs\u00e9rt\u00e9se vagy hamis jelent\u00e9s eset\u00e9n ak\u00e1r 20 000,00 eur\u00f3s b\u00fcntet\u00e9s is kiszabhat\u00f3.  <\/p>\n\n<h2 class=\"wp-block-heading\" id=\"h-kopfwerbeverbot-fur-politiker\">\u201eSzem\u00e9lyes rekl\u00e1m tilalma\u201d politikusok sz\u00e1m\u00e1ra<\/h2>\n\n<p class=\"wp-block-paragraph\">Az \u00fagynevezett \u201eszem\u00e9lyes rekl\u00e1m tilalma\u201d politikusok sz\u00e1m\u00e1ra azt jelenti, hogy a k\u00f6zint\u00e9zm\u00e9nyek semmilyen im\u00e1zs\u00e9p\u00edt\u00e9st nem folytathatnak rekl\u00e1m \u00fatj\u00e1n. A k\u00f6zint\u00e9zm\u00e9nyek kiz\u00e1r\u00f3lag t\u00e9nybeli inform\u00e1ci\u00f3k k\u00f6zl\u00e9s\u00e9re haszn\u00e1lhatj\u00e1k a rekl\u00e1mot. Emellett a hirdet\u00e9seket egy\u00e9rtelm\u0171en meg kell jel\u00f6lni, mint ilyenek.  <\/p>\n\n<p class=\"wp-block-paragraph\">Tov\u00e1bb\u00e1 a k\u00f6zint\u00e9zm\u00e9nyek kiadv\u00e1nyai csak olyan feladatokat t\u00e1rgyalhatnak, amelyek a jogi szem\u00e9ly feladatk\u00f6r\u00e9be tartoznak. Megengedett kiadv\u00e1nyok p\u00e9ld\u00e1ul: <\/p>\n\n<ul class=\"wp-block-list\">\n<li>jogszab\u00e1lyok,<\/li>\n\n\n\n<li>a jogi szem\u00e9ly szolg\u00e1ltat\u00e1sai \u00e9s<\/li>\n\n\n\n<li>k\u00f6z\u00e9rdek\u0171 inform\u00e1ci\u00f3k.<\/li>\n<\/ul>\n\n<p class=\"wp-block-paragraph\">A korm\u00e1nytagok vagy k\u00f6zint\u00e9zm\u00e9nyek k\u00e9pvisel\u0151inek hirdet\u00e9sek \u00fatj\u00e1n t\u00f6rt\u00e9n\u0151 \u00f6nrekl\u00e1moz\u00e1sa teh\u00e1t tilos.<\/p>\n","protected":false},"excerpt":{"rendered":"Politikusok \u00e9s p\u00e1rtok rekl\u00e1mja csak t\u00f6rv\u00e9nyileg szab\u00e1lyozott keretek k\u00f6z\u00f6tt helyezhet\u0151 el. Ezt a jogi keretet a M\u00e9diatranszparencia-t\u00f6rv\u00e9ny hat\u00e1rozza meg. P\u00e9ld\u00e1ul a k\u00f6zint\u00e9zm\u00e9nyek hirdet\u00e9seinek tiszt\u00e1n informat\u00edv jelleg\u0171nek kell lenni\u00fck, \u00e9s nem &#8230;","protected":false},"author":1,"featured_media":0,"parent":43181,"menu_order":34,"comment_status":"open","ping_status":"open","template":"","meta":{"_acf_changed":false,"_uag_custom_page_level_css":"","footnotes":""},"categories":[778],"tags":[],"class_list":["post-42761","page","type-page","status-publish","hentry","category-versenyjog"],"acf":[],"uagb_featured_image_src":{"full":false,"thumbnail":false,"medium":false,"medium_large":false,"large":false,"1536x1536":false,"2048x2048":false,"336x":false,"352x":false,"woocommerce_thumbnail":false,"woocommerce_single":false,"woocommerce_gallery_thumbnail":false,"yarpp-thumbnail":false},"uagb_author_info":{"display_name":"Peter Harlander","author_link":"https:\/\/harlander-partner.eu\/hu\/author\/secondpromotion\/"},"uagb_comment_info":0,"uagb_excerpt":"Politikusok \u00e9s p\u00e1rtok rekl\u00e1mja csak t\u00f6rv\u00e9nyileg szab\u00e1lyozott keretek k\u00f6z\u00f6tt helyezhet\u0151 el. Ezt a jogi keretet a M\u00e9diatranszparencia-t\u00f6rv\u00e9ny hat\u00e1rozza meg. P\u00e9ld\u00e1ul a k\u00f6zint\u00e9zm\u00e9nyek hirdet\u00e9seinek tiszt\u00e1n informat\u00edv jelleg\u0171nek kell lenni\u00fck, \u00e9s nem ...","_links":{"self":[{"href":"https:\/\/harlander-partner.eu\/hu\/wp-json\/wp\/v2\/pages\/42761","targetHints":{"allow":["GET"]}}],"collection":[{"href":"https:\/\/harlander-partner.eu\/hu\/wp-json\/wp\/v2\/pages"}],"about":[{"href":"https:\/\/harlander-partner.eu\/hu\/wp-json\/wp\/v2\/types\/page"}],"author":[{"embeddable":true,"href":"https:\/\/harlander-partner.eu\/hu\/wp-json\/wp\/v2\/users\/1"}],"replies":[{"embeddable":true,"href":"https:\/\/harlander-partner.eu\/hu\/wp-json\/wp\/v2\/comments?post=42761"}],"version-history":[{"count":0,"href":"https:\/\/harlander-partner.eu\/hu\/wp-json\/wp\/v2\/pages\/42761\/revisions"}],"up":[{"embeddable":true,"href":"https:\/\/harlander-partner.eu\/hu\/wp-json\/wp\/v2\/pages\/43181"}],"wp:attachment":[{"href":"https:\/\/harlander-partner.eu\/hu\/wp-json\/wp\/v2\/media?parent=42761"}],"wp:term":[{"taxonomy":"category","embeddable":true,"href":"https:\/\/harlander-partner.eu\/hu\/wp-json\/wp\/v2\/categories?post=42761"},{"taxonomy":"post_tag","embeddable":true,"href":"https:\/\/harlander-partner.eu\/hu\/wp-json\/wp\/v2\/tags?post=42761"}],"curies":[{"name":"wp","href":"https:\/\/api.w.org\/{rel}","templated":true}]}}

Reklám és politikusok

<p class="wp-block-paragraph">Politikusok és pártok reklámja csak törvényileg szabályozott keretek között helyezhető el. Ezt a jogi keretet a Médiatranszparencia-törvény határozza meg. Például a közintézmények hirdetéseinek tisztán informatív jellegűnek kell lenniük, és nem léphetik túl az feltétlenül szükséges mértéket.  </p>

<p class="wp-block-paragraph">A Médiatranszparencia-törvénynek köszönhető, hogy különösen az állami szerveknek igazsághűen fel kell fedniük a reklámelhelyezéseket. A közzétételi kötelezettség megsértése vagy hamis jelentés esetén akár 20 000,00 eurós büntetés is kiszabható.  </p>

<h2 class="wp-block-heading" id="h-kopfwerbeverbot-fur-politiker">„Személyes reklám tilalma” politikusok számára</h2>

<p class="wp-block-paragraph">Az úgynevezett „személyes reklám tilalma” politikusok számára azt jelenti, hogy a közintézmények semmilyen imázsépítést nem folytathatnak reklám útján. A közintézmények kizárólag ténybeli információk közlésére használhatják a reklámot. Emellett a hirdetéseket egyértelműen meg kell jelölni, mint ilyenek.  </p>

<p class="wp-block-paragraph">Továbbá a közintézmények kiadványai csak olyan feladatokat tárgyalhatnak, amelyek a jogi személy feladatkörébe tartoznak. Megengedett kiadványok például: </p>

<ul class="wp-block-list">
<li>jogszabályok,</li>



<li>a jogi személy szolgáltatásai és</li>



<li>közérdekű információk.</li>
</ul>

<p class="wp-block-paragraph">A kormánytagok vagy közintézmények képviselőinek hirdetések útján történő önreklámozása tehát tilos.</p>

Politikusok és pártok reklámja csak törvényileg szabályozott keretek között helyezhető el. Ezt a jogi keretet a Médiatranszparencia-törvény határozza meg. Például a közintézmények hirdetéseinek tisztán informatív jellegűnek kell lenniük, és nem &#8230;

Politikusok és pártok reklámja csak törvényileg szabályozott keretek között helyezhető el. Ezt a jogi keretet a Médiatranszparencia-törvény határozza meg. Például a közintézmények hirdetéseinek tisztán informatív jellegűnek kell lenniük, és nem ...
