{"id":57323,"date":"2022-12-20T16:28:15","date_gmt":"2022-12-20T15:28:15","guid":{"rendered":"https:\/\/harlander-partner.eu\/dli-um-thracht-talun-na-carinthia\/"},"modified":"2025-11-26T04:00:16","modified_gmt":"2025-11-26T03:00:16","slug":"dli-um-thracht-talun-na-carinthia","status":"publish","type":"page","link":"https:\/\/harlander-partner.eu\/ga\/dli-maoine\/dli-um-thracht-talun-na-carinthia\/","title":{"rendered":"Dl\u00ed um Thr\u00e1cht Tal\u00fan na Carinthia"},"content":{"rendered":"\n<h2 class=\"wp-block-heading\">Dl\u00ed um Thr\u00e1cht Tal\u00fan na Carinthia<\/h2>\n\n<h3 class=\"wp-block-heading\">Aistri\u00fa Tal\u00fan Talmha\u00edochta agus Foraoiseachta i St\u00e1t Feidear\u00e1lach na Carinthia<\/h3>\n\n<p class=\"wp-block-paragraph\">Go bun\u00fasach, teasta\u00edonn cead\u00fa chun \u00fain\u00e9ireacht a fh\u00e1il ar thalamh talmha\u00edochta agus foraoiseachta i St\u00e1t Feidear\u00e1lach na Carinthia.<\/p>\n\n<p class=\"wp-block-paragraph\">Is iad seo a leanas na heisceachta\u00ed:<\/p>\n\n<ul class=\"wp-block-list\">\n<li>Eisceachta\u00ed \u00f3 fhor\u00e1lacha \u00a7\u00a7 13 agus 15 den Acht um Roinnt Maoine R\u00e9ada\u00ed.<\/li>\n\n\n\n<li>Aistri\u00fa tal\u00fan talmha\u00edochta agus foraoiseachta idir<ul><li>C\u00e9il\u00ed<\/li><\/ul><ul><li>Comhph\u00e1irtithe Cl\u00e1raithe<\/li><\/ul>\n<ul class=\"wp-block-list\">\n<li>Gaolta d\u00edreacha, chomh maith le leana\u00ed uchtaithe, sibl\u00edn\u00ed, nianna, neachtanna<\/li>\n<\/ul>\n<\/li>\n\n\n\n<li>An t-idirbheart dl\u00edthi\u00fail idir comh\u00fain\u00e9ir\u00ed chun an comh\u00fain\u00e9ireacht a dh\u00edscaoileadh n\u00f3 chun an sciar comh\u00fain\u00e9ireachta a athr\u00fa<\/li>\n\n\n\n<li>Aistri\u00fa \u00fain\u00e9ireachta le linn n\u00f3s imeachta d\u00edshealbhaithe<\/li>\n\n\n\n<li>Aistri\u00fa \u00fain\u00e9ireachta ar thalamh at\u00e1 le h\u00fas\u00e1id chun cr\u00edocha iompair phoibl\u00ed, sol\u00e1thairt\u00ed agus di\u00fascartha poibl\u00ed, agus riarach\u00e1in phoibl\u00ed.<\/li>\n\n\n\n<li>N\u00ed theasta\u00edonn cead\u00fa freisin chun \u00fain\u00e9ireacht a fh\u00e1il ar thalamh m\u00e1 t\u00e1 an ceannaitheoir ina \u00fain\u00e9ir ar thalamh tadhlach agus m\u00e1 \u00fas\u00e1idtear an ceannach chun an talamh a mh\u00e9ad\u00fa\n<ul class=\"wp-block-list\">\n<li>Ba cheart go bhfeidhmeodh ceannach na tal\u00fan, mar shampla, chun cr\u00edche p\u00e1irce\u00e1la n\u00f3 bealach isteach a th\u00f3g\u00e1il.<\/li>\n\n\n\n<li>N\u00ed ceadmhach don \u00e9ad\u00e1il tal\u00fan seo, nach dteasta\u00edonn cead\u00fa di, dul thar achar 500m\u00b2 laistigh de 10 mbliana.<\/li>\n<\/ul>\n<\/li>\n<\/ul>\n\n<p class=\"wp-block-paragraph\">Chun cead\u00fa a fh\u00e1il chun talamh a cheannach, n\u00ed m\u00f3r don \u00e9ad\u00e1il freastal ar an leas ginear\u00e1lta agus ar chaomhn\u00fa agus cruth\u00fa limist\u00e9ar in\u00fas\u00e1idte talmha\u00edochta agus foraoiseachta.<\/p>\n\n<h3 class=\"wp-block-heading\">Aistri\u00fa Tal\u00fan T\u00f3g\u00e1la i St\u00e1t Feidear\u00e1lach na Carinthia<\/h3>\n\n<p class=\"wp-block-paragraph\">N\u00ed theasta\u00edonn cead\u00fa chun talamh t\u00f3g\u00e1la a fh\u00e1il i St\u00e1t Feidear\u00e1lach na Carinthia.<\/p>\n\n<h3 class=\"wp-block-heading\">\u00c9ad\u00e1il ag Eachtrannaigh i St\u00e1t Feidear\u00e1lach na Carinthia<\/h3>\n\n<p class=\"wp-block-paragraph\">Go bun\u00fasach, teasta\u00edonn cead\u00fa chun talamh a fh\u00e1il ag eachtrannach i St\u00e1t Feidear\u00e1lach na Carinthia. N\u00ed m\u00f3r coinn\u00edollacha \u00e1irithe a chomhl\u00edonadh chun cead\u00fa a fh\u00e1il: <\/p>\n\n<ul class=\"wp-block-list\">\n<li>N\u00ed ceadmhach don \u00fas\u00e1id at\u00e1 beartaithe a bheith contr\u00e1rtha leis an bplean \u00fas\u00e1ide tal\u00fan<\/li>\n\n\n\n<li>Ba cheart go bhfeidhmeodh an talamh mar<ul><li>\u00c1it ch\u00f3naithe,<\/li><\/ul><ul><li>\u00c1itreabh gn\u00f3 fiontair eacnama\u00edoch,<\/li><\/ul><ul><li>mar r\u00e9ad\u00fa ar chusp\u00f3ir\u00ed an phlean\u00e1la sp\u00e1s\u00fala n\u00f3<\/li><\/ul>\n<ul class=\"wp-block-list\">\n<li>\u00c1ras\u00e1n saoire, m\u00e1 t\u00e1 a phr\u00edomhch\u00f3na\u00ed san Ostair ag an gceannaitheoir le 5 bliana ar a laghad.<\/li>\n<\/ul>\n<\/li>\n<\/ul>\n\n<p class=\"wp-block-paragraph\">T\u00e1 na nithe seo a leanas d\u00edolmhaithe \u00f3n gceanglas ceadaithe:<\/p>\n\n<ul class=\"wp-block-list\">\n<li>Idirbhearta dl\u00edthi\u00fala maidir le talamh talmha\u00edochta agus foraoiseachta<\/li>\n\n\n\n<li>Eisceachta\u00ed \u00f3 fhor\u00e1lacha \u00a7\u00a7 13 agus 15 den Acht um Roinnt Maoine R\u00e9ada\u00ed.<\/li>\n\n\n\n<li>Idirbhearta dl\u00edthi\u00fala idir c\u00e9il\u00ed, comhph\u00e1irtithe cl\u00e1raithe, gaolta suas go dt\u00ed an dara c\u00e9im, chomh maith le leana\u00ed uchtaithe<\/li>\n\n\n\n<li>Idirbhearta dl\u00edthi\u00fala le comh\u00fain\u00e9ir le linn d\u00edscaoileadh n\u00f3 athr\u00fa na scaireanna comh\u00fain\u00e9ireachta<\/li>\n\n\n\n<li>Leathn\u00fa ar thalamh at\u00e1 faoi \u00fain\u00e9ireacht eachtrannaigh cheana f\u00e9in.<ul><li>Ba cheart go bhfeidhmeodh ceannach na tal\u00fan, mar shampla, chun cr\u00edche p\u00e1irce\u00e1la n\u00f3 bealach isteach a th\u00f3g\u00e1il.<\/li><\/ul>\n<ul class=\"wp-block-list\">\n<li>N\u00ed ceadmhach don \u00e9ad\u00e1il tal\u00fan seo, nach dteasta\u00edonn cead\u00fa di, dul thar achar 500m\u00b2 laistigh de 10 mbliana.<\/li>\n<\/ul>\n<\/li>\n<\/ul>\n","protected":false},"excerpt":{"rendered":"Dl\u00ed um Thr\u00e1cht Tal\u00fan na Carinthia Aistri\u00fa Tal\u00fan Talmha\u00edochta agus Foraoiseachta i St\u00e1t Feidear\u00e1lach na Carinthia Go bun\u00fasach, teasta\u00edonn cead\u00fa chun \u00fain\u00e9ireacht a fh\u00e1il ar thalamh talmha\u00edochta agus foraoiseachta i &#8230;","protected":false},"author":1,"featured_media":0,"parent":68888,"menu_order":0,"comment_status":"closed","ping_status":"open","template":"","meta":{"_acf_changed":false,"_uag_custom_page_level_css":"","footnotes":""},"categories":[1166],"tags":[],"class_list":["post-57323","page","type-page","status-publish","hentry","category-dli-maoine"],"acf":[],"uagb_featured_image_src":{"full":false,"thumbnail":false,"medium":false,"medium_large":false,"large":false,"1536x1536":false,"2048x2048":false,"336x":false,"352x":false,"woocommerce_thumbnail":false,"woocommerce_single":false,"woocommerce_gallery_thumbnail":false,"yarpp-thumbnail":false},"uagb_author_info":{"display_name":"Peter Harlander","author_link":"https:\/\/harlander-partner.eu\/ga\/author\/secondpromotion\/"},"uagb_comment_info":0,"uagb_excerpt":"Dl\u00ed um Thr\u00e1cht Tal\u00fan na Carinthia Aistri\u00fa Tal\u00fan Talmha\u00edochta agus Foraoiseachta i St\u00e1t Feidear\u00e1lach na Carinthia Go bun\u00fasach, teasta\u00edonn cead\u00fa chun \u00fain\u00e9ireacht a fh\u00e1il ar thalamh talmha\u00edochta agus foraoiseachta i ...","_links":{"self":[{"href":"https:\/\/harlander-partner.eu\/ga\/wp-json\/wp\/v2\/pages\/57323","targetHints":{"allow":["GET"]}}],"collection":[{"href":"https:\/\/harlander-partner.eu\/ga\/wp-json\/wp\/v2\/pages"}],"about":[{"href":"https:\/\/harlander-partner.eu\/ga\/wp-json\/wp\/v2\/types\/page"}],"author":[{"embeddable":true,"href":"https:\/\/harlander-partner.eu\/ga\/wp-json\/wp\/v2\/users\/1"}],"replies":[{"embeddable":true,"href":"https:\/\/harlander-partner.eu\/ga\/wp-json\/wp\/v2\/comments?post=57323"}],"version-history":[{"count":0,"href":"https:\/\/harlander-partner.eu\/ga\/wp-json\/wp\/v2\/pages\/57323\/revisions"}],"up":[{"embeddable":true,"href":"https:\/\/harlander-partner.eu\/ga\/wp-json\/wp\/v2\/pages\/68888"}],"wp:attachment":[{"href":"https:\/\/harlander-partner.eu\/ga\/wp-json\/wp\/v2\/media?parent=57323"}],"wp:term":[{"taxonomy":"category","embeddable":true,"href":"https:\/\/harlander-partner.eu\/ga\/wp-json\/wp\/v2\/categories?post=57323"},{"taxonomy":"post_tag","embeddable":true,"href":"https:\/\/harlander-partner.eu\/ga\/wp-json\/wp\/v2\/tags?post=57323"}],"curies":[{"name":"wp","href":"https:\/\/api.w.org\/{rel}","templated":true}]}}

Dlí um Thrácht Talún na Carinthia

<h2 class="wp-block-heading">Dlí um Thrácht Talún na Carinthia</h2>

<h3 class="wp-block-heading">Aistriú Talún Talmhaíochta agus Foraoiseachta i Stát Feidearálach na Carinthia</h3>

<p class="wp-block-paragraph">Go bunúsach, teastaíonn ceadú chun úinéireacht a fháil ar thalamh talmhaíochta agus foraoiseachta i Stát Feidearálach na Carinthia.</p>

<p class="wp-block-paragraph">Is iad seo a leanas na heisceachtaí:</p>

<ul class="wp-block-list">
<li>Eisceachtaí ó fhorálacha §§ 13 agus 15 den Acht um Roinnt Maoine Réadaí.</li>



<li>Aistriú talún talmhaíochta agus foraoiseachta idir<ul><li>Céilí</li></ul><ul><li>Comhpháirtithe Cláraithe</li></ul>
<ul class="wp-block-list">
<li>Gaolta díreacha, chomh maith le leanaí uchtaithe, siblíní, nianna, neachtanna</li>
</ul>
</li>



<li>An t-idirbheart dlíthiúil idir comhúinéirí chun an comhúinéireacht a dhíscaoileadh nó chun an sciar comhúinéireachta a athrú</li>



<li>Aistriú úinéireachta le linn nós imeachta díshealbhaithe</li>



<li>Aistriú úinéireachta ar thalamh atá le húsáid chun críocha iompair phoiblí, soláthairtí agus diúscartha poiblí, agus riaracháin phoiblí.</li>



<li>Ní theastaíonn ceadú freisin chun úinéireacht a fháil ar thalamh má tá an ceannaitheoir ina úinéir ar thalamh tadhlach agus má úsáidtear an ceannach chun an talamh a mhéadú
<ul class="wp-block-list">
<li>Ba cheart go bhfeidhmeodh ceannach na talún, mar shampla, chun críche páirceála nó bealach isteach a thógáil.</li>



<li>Ní ceadmhach don éadáil talún seo, nach dteastaíonn ceadú di, dul thar achar 500m² laistigh de 10 mbliana.</li>
</ul>
</li>
</ul>

<p class="wp-block-paragraph">Chun ceadú a fháil chun talamh a cheannach, ní mór don éadáil freastal ar an leas ginearálta agus ar chaomhnú agus cruthú limistéar inúsáidte talmhaíochta agus foraoiseachta.</p>

<h3 class="wp-block-heading">Aistriú Talún Tógála i Stát Feidearálach na Carinthia</h3>

<p class="wp-block-paragraph">Ní theastaíonn ceadú chun talamh tógála a fháil i Stát Feidearálach na Carinthia.</p>

<h3 class="wp-block-heading">Éadáil ag Eachtrannaigh i Stát Feidearálach na Carinthia</h3>

<p class="wp-block-paragraph">Go bunúsach, teastaíonn ceadú chun talamh a fháil ag eachtrannach i Stát Feidearálach na Carinthia. Ní mór coinníollacha áirithe a chomhlíonadh chun ceadú a fháil: </p>

<ul class="wp-block-list">
<li>Ní ceadmhach don úsáid atá beartaithe a bheith contrártha leis an bplean úsáide talún</li>



<li>Ba cheart go bhfeidhmeodh an talamh mar<ul><li>Áit chónaithe,</li></ul><ul><li>Áitreabh gnó fiontair eacnamaíoch,</li></ul><ul><li>mar réadú ar chuspóirí an phleanála spásúla nó</li></ul>
<ul class="wp-block-list">
<li>Árasán saoire, má tá a phríomhchónaí san Ostair ag an gceannaitheoir le 5 bliana ar a laghad.</li>
</ul>
</li>
</ul>

<p class="wp-block-paragraph">Tá na nithe seo a leanas díolmhaithe ón gceanglas ceadaithe:</p>

<ul class="wp-block-list">
<li>Idirbhearta dlíthiúla maidir le talamh talmhaíochta agus foraoiseachta</li>



<li>Eisceachtaí ó fhorálacha §§ 13 agus 15 den Acht um Roinnt Maoine Réadaí.</li>



<li>Idirbhearta dlíthiúla idir céilí, comhpháirtithe cláraithe, gaolta suas go dtí an dara céim, chomh maith le leanaí uchtaithe</li>



<li>Idirbhearta dlíthiúla le comhúinéir le linn díscaoileadh nó athrú na scaireanna comhúinéireachta</li>



<li>Leathnú ar thalamh atá faoi úinéireacht eachtrannaigh cheana féin.<ul><li>Ba cheart go bhfeidhmeodh ceannach na talún, mar shampla, chun críche páirceála nó bealach isteach a thógáil.</li></ul>
<ul class="wp-block-list">
<li>Ní ceadmhach don éadáil talún seo, nach dteastaíonn ceadú di, dul thar achar 500m² laistigh de 10 mbliana.</li>
</ul>
</li>
</ul>

Dlí um Thrácht Talún na Carinthia Aistriú Talún Talmhaíochta agus Foraoiseachta i Stát Feidearálach na Carinthia Go bunúsach, teastaíonn ceadú chun úinéireacht a fháil ar thalamh talmhaíochta agus foraoiseachta i &#8230;

Dlí um Thrácht Talún na Carinthia Aistriú Talún Talmhaíochta agus Foraoiseachta i Stát Feidearálach na Carinthia Go bunúsach, teastaíonn ceadú chun úinéireacht a fháil ar thalamh talmhaíochta agus foraoiseachta i ...
